7).
0
Let t(n) = -2*n**3 + 2*n**2 + n + 1. Let u be 1*(-1)/(-2)*-22. Let g = -9 - u. Calculate t(g).
-5
Let r(v) be the third derivative of -v**6/40 - v**5/60 + v**3/6 - 32*v**2. Suppose i = 1 - 0. Calculate r(i).
-3
Let g(q) = -6*q - 4. Suppose -3*c + 15 = -3*j, -c - 2*j - 12 = -5. Let v(m) = m + 1. Let h = -6 + 11. Let b(w) = c*g(w) + h*v(w). Calculate b(-5).
6
Let k(d) = -5*d**3 - d**2 + 1. Let s(l) = l**3 - 4*l + 3. Let b be s(2). Suppose -37 = -5*u + b. Let n be (u/(-12))/(2/(-3)). Calculate k(n).
-5
Let z(v) be the third derivative of v**5/60 - v**3/2 + v**2. Let b(q) = -q**2 + 11*q - 13. Let m be b(10). What is z(m)?
6
Let b(w) = -5*w**2 + 5*w + 6. Let r(m) = m**3 - m**2 + m + 1. Let d(n) = -b(n) + 5*r(n). Give d(-1).
-6
Let o(r) = -4*r**2 + 4*r - 4. Let m(z) = 6*z**2 + 2*z**2 - z + 5 - 4*z**2 - 4*z. Let l(f) = 5*m(f) + 6*o(f). Give l(1).
-4
Suppose 2 = r + 3. Let b(d) = -11*d**2 - 7*d + 6. Let u(h) = -23*h**2 - 15*h + 13. Let m(s) = 13*b(s) - 6*u(s). Calculate m(r).
-4
Let t(v) be the third derivative of 0 + 0*v - 1/3*v**4 + 0*v**3 + 2*v**2. Calculate t(1).
-8
Let m(v) = 4*v**3 - 4*v**2 - v + 0*v + 2*v**2. Let u = -1 - 0. Determine m(u).
-5
Let n(a) be the third derivative of a**5/15 - a**4/24 + 6*a**2. Determine n(1).
3
Let p(x) = 3*x + 1. Let k = -6 - -8. Suppose -k*f = 3*f. Let t be (f - -1)*2 + -3. Calculate p(t).
-2
Let x(r) = -r**2 + 6*r - 8. Let b be 1 - (-2 + 2 + -5). What is x(b)?
-8
Let f(l) be the first derivative of 5*l + 1/2*l**2 - 1. Give f(6).
11
Let y be 1/(-2)*(-16)/4. Suppose 4 = y*a - 0. Let v(h) = h - 2. What is v(a)?
0
Suppose q + 5*j = 24, -j - 3*j + 16 = 0. Suppose -2*a = -5*n + 1 + 1, 2*n = -q*a + 20. Let p(z) = z**3 - z**2 - 2*z - 1. Determine p(n).
-1
Let k(b) be the second derivative of -b**3/3 - b**2/2 + 33*b. Determine k(5).
-11
Let f(c) = -c**2 - 8*c + 9. Let k be f(-9). Let x(d) = 12*d + k - d**2 - 7*d - 4. Suppose 4*g - 2*g = 8. What is x(g)?
0
Let h(i) = -i**3 + 7*i**2 - 6*i - 1. Let r(m) = -m**3 + 5*m**2 - 3*m + 2. Let c be r(4). Determine h(c).
-1
Let b(g) = -g**3 + 3*g - 2 + 4*g**2 - 2 + 0*g**2 - 2*g. Calculate b(3).
8
Let d(x) = -x + 2. Let r(y) = -y**2 + 5*y - 4. Let l be r(4). Give d(l).
2
Let s(v) be the third derivative of -1/2*v**3 - 1/120*v**6 + 0 - 1/24*v**4 + 0*v**5 + 0*v - 5*v**2. What is s(0)?
-3
Let w(r) be the third derivative of 0 + 2*r**2 - 1/3*r**3 + 0*r - 5/24*r**4. Let t = -5 + 3. What is w(t)?
8
Let d(r) be the second derivative of -2/3*r**3 + 0 + 3*r + 0*r**2. Give d(1).
-4
Suppose -5*p - t + 15 = 0, 0*p + p = 5*t + 3. Suppose l = -0*l + p. Let n(m) = l*m + 7 - m - 3*m. Give n(5).
2
Let c = 8 - 8. Suppose -z + 9 - 7 = c. Let g(l) = -2*l - 2. Calculate g(z).
-6
Let s be 0 + 2/(-4)*-4. Let m(r) = -3 - 4*r + s*r + r**3 + r. Calculate m(0).
-3
Let z(i) = -3*i. Let u(f) = -f. Let n(c) = 4*u(c) - z(c). What is n(7)?
-7
Suppose -25 = -3*h - 2*h. Let f(a) = 3*a - 1. Calculate f(h).
14
Let v(g) = g**3 + 7*g**2 + 5*g - 2. Suppose 8 + 16 = -4*x. Calculate v(x).
4
Let k(c) = -c**2 + 8*c - 7. Let t be k(6). Let x = 21 - 13. Suppose -x*a = q - 3*a - 6, 2*q - 7 = -t*a. Let j(w) = -6*w. Give j(q).
-6
Let s(m) = m**2 + 5*m + 5. Let c be s(-4). Let y(d) = 10*d**3 - d**2 + 2*d - 1. What is y(c)?
10
Suppose 4*l + 0*l = 6*l. Let k(w) be the third derivative of w**5/60 + w**4/24 + 7*w**3/3 + 2*w**2. What is k(l)?
14
Let g(n) = 9*n**2 - 1. Suppose -7*k - 55 = -2*k + w, 3*w = -15. Let o be k*3/((-30)/4). Suppose l = 4*b - 3*l, -3*b - 7 = o*l. Determine g(b).
8
Let m(x) = -x - 7. Let u be (2 - 2)*-2*(-3)/12. Calculate m(u).
-7
Let h = -4 + 10. Suppose 2*n - 4*n = h. Let r(o) = 2*o + 17. Let g(a) = -a - 8. Let i(c) = -9*g(c) - 4*r(c). Determine i(n).
1
Let n(d) = -3*d**2 - 2*d - 3. Let r(a) = -5*a**2 - 5*a - 6. Let t(m) = 7*n(m) - 3*r(m). Let q(s) be the first derivative of t(s). Give q(-1).
13
Let w be (-5)/((-10)/(-8)) + -1. Let h = 11 - 9. Let x(i) = -2*i**2 - i**3 - i + 3 - 2*i**h + 2 - i**2. Calculate x(w).
10
Let a(x) be the first derivative of x**4/4 - 7*x**3/3 + 3*x**2 - 4*x + 12. Suppose -3*d = -0*y - 3*y - 30, 8 = -2*d - 5*y. Determine a(d).
-4
Let c(x) = -6*x - 17. Let g be c(-5). Let u = g + -9. Let j(t) = -t - 2. Calculate j(u).
-6
Let o(u) = 2*u**2 - 2*u. Suppose -4*h + 6*m - 2*m = -12, -2 = 2*m. What is o(h)?
4
Let m(b) = -b**3 + 2*b**2 + 4*b + 1. Let t be m(3). Suppose 4*w - 4*n + 4 = 0, t*w = 2*w + 5*n - 17. Suppose -w*y = y + 25. Let h(l) = -l - 2. What is h(y)?
3
Suppose -6*j - 12 = -4*j. Let u(k) = k. Let c be u(j). Let b(n) = n**2 + 4*n - 4. What is b(c)?
8
Let m(q) = q**2 - 6*q + 5. Let k be m(4). Let f(r) = -7*r**2 - 7*r - 5. Let v(h) = -h**2 - h - 1. Let i(x) = -f(x) + 6*v(x). Give i(k).
5
Let g be -2 - (4/(-1) - -2). Let s be (-2 + (-3)/(-2))*g. Let r(a) be the second derivative of -a**3/6 - 3*a**2 + 3*a. Determine r(s).
-6
Let v(a) = a**2 + a - 31. Let u be v(5). Let h(k) = -11*k**3 + k**2 - k - 1. Calculate h(u).
12
Let p(t) = 3*t - 4. Suppose w - 3 = -0. Determine p(w).
5
Let t(b) = b. Let g(p) = -2*p - 9. Let m(w) = g(w) + 4*t(w). Let c(q) = -q**2 + 6*q - 2. Let n be c(4). What is m(n)?
3
Let n(g) = 2*g**3 + 2*g - 1. Let s be n(1). Suppose -s*k + 9 = -3. Let t(q) = 4*q + 5. Let f(w) = -5*w - 5. Let b(h) = 5*f(h) + 6*t(h). What is b(k)?
1
Suppose -2*m - 9 = -0*m + k, k = -5*m - 27. Let s(d) = d + 10. Determine s(m).
4
Let m(f) = -f + 4. Let w be m(4). Suppose 4*v + w*v = 16. Let b(c) = -c - 3 + c - v*c. Give b(-2).
5
Let q(o) = o - 7. Let a be q(11). Suppose -a*f - 3 = -31. Let s(t) = -t**2 + 8*t - 3. What is s(f)?
4
Let c(y) = -6*y + y - 43 + 42 - 2*y. What is c(-2)?
13
Suppose -2*s - 9 - 11 = 0. Let z = -15 - s. Let u(m) = m - 1. Give u(z).
-6
Let d(q) = -2*q + 1 + 4*q + 7*q - 4*q. Let u(s) = 16*s + 2. Let h(v) = 7*d(v) - 2*u(v). What is h(-2)?
-3
Let v(b) = -b**3 + 4*b**2 + 5*b + 5. Suppose 0 = -s + 4*n + 21, 3*n + 6 = -0*n. Suppose 3*a - s = -u, -3*u - 1 + 0 = a. What is v(a)?
5
Suppose 12 = 2*w - 2. Let t(m) be the first derivative of -m**3/3 + 9*m**2/2 - 8*m + 13. Give t(w).
6
Let d(r) = -7*r + 3. Suppose -14 = 3*m - 7*m + 2*h, -4*m + 4*h = -20. Calculate d(m).
-11
Let n(v) be the third derivative of v**4/24 + v**3/3 - 5*v**2. Calculate n(-6).
-4
Let v = 18 - 16. Let p(q) = 0*q**2 + v*q**2 - 4*q**3 - 3*q**3 + 4*q + 6*q**3. Give p(3).
3
Let x(k) = -k**3 + 4*k**2 + 2*k + 4. Let l be 4 + (-4 - -4)/1. What is x(l)?
12
Let t(b) = b**2 + 3*b - 4. Let o(r) = r - 1. Let j(g) = -6*o(g) + t(g). Let z be ((-2)/5)/(2/(-10)). Calculate j(z).
0
Let z(x) = -x**2 + 4*x + 8. Let l(p) = -p**2 - p + 4. Let u be l(3). Let t = 14 + u. Calculate z(t).
-4
Let f be (-48)/(-22) + 14/(-77). Let g(t) = 3*t**3 - 2*t**2 - 2*t + 3. What is g(f)?
15
Let a = 133 + -137. Let t(u) be the second derivative of -u + 1/6*u**3 + u**2 + 0. Calculate t(a).
-2
Let h(j) = -j. Let q(u) = u**2 + 5*u + 3. Let r(a) = a + 1. Let b be r(-5). Let d be q(b). Determine h(d).
1
Let h(r) = -6*r + 3 + r**3 + 5*r**2 + 2 + 3. Calculate h(-6).
8
Let s(k) = k - 6. Let p be s(8). Let y(m) = m - 2*m + p + 2. Let v = 0 - 0. Determine y(v).
4
Suppose -4*r = -3 - 5. Let y(t) = 4*t - 4*t**r - 2*t + t**2. What is y(2)?
-8
Let t(j) = j**2 - 5*j + 6. Suppose -10*z + 6*z = -16. Give t(z).
2
Let f(v) = -v**3 + 5*v**2 - 6*v + 4. Suppose 0 = -5*z - 1 + 21. Give f(z).
-4
Let i(s) = -6*s + 4 + 0*s**2 + s - s**2. Let h be ((-2)/(-2))/(3/21). Let q = h + -11. Determine i(q).
8
Let l(a) = 2*a + 1. Suppose -45 = -5*m - 4*u, -u + 3*u = 4*m - 10. Suppose 6 = -p - m*w, -3*w = 2*w. Calculate l(p).
-11
Let d be 6/15 + 26/10. Let r(t) = 5*t**2 + 2*t - 5. Let w(i) be the first derivative of -i**3/3 - i**2/2 + i + 1. Let l(f) = r(f) + 4*w(f). Give l(d).
2
Let q(u) = -22*u + 10*u + 13*u. What is q(7)?
7
Let w(t) = -t**2 + 7*t + 3. Let y = -18 - -22. Determine w(y).
15
Let p(k) = 4*k - 2. Let t = 3 - 2. Let i(u) = -u + 1. Let o(y) = t*p(y) + 3*i(y). Give o(-2).
-1
Let o(w) = 7*w - 2*w**2 - 3 + w**2 - 2*w - 4*w. What is o(0)?
-3
Let i(y) = y + 13. Let c be i(-10). Let o = 2 - c. Let a(j) = 4*j**2 - 2*j + 4. Let h(n) = -3*n**2 + n - 3. Let w(f) = -2*a(f) - 3*h(f). Determine w(o).
1
Let i(s) = -3*s - 1. Let a(j) = 7*j + 13. Let d(g) = -13*g - 22 - 10 + 7. Let l(c) = 11*a(c) + 6*d(c). Let z be l(-6). Give i(z).
2
Suppose -4*d - b = 24, -3*d = -b - 0*b + 18. 